ppose -5*u = -n, 3*u - 5*n = 6*u. Suppose -2*b - 3*b - 13400 = u. Is (3/(-2))/(4*15/b) prime?
True
Is (2310973*(-345)/(-5880) - 8/(-14))*8 prime?
True
Suppose 5*f = 5*n - 310, -f + 0*f = 2*n - 127. Let d(y) = y**2 - 24*y + 124. Let h be d(17). Is h + n + (-3)/(-3) a composite number?
True
Let c = -57 - -72. Let f(l) = c - 3*l - 61 - 8*l - 2*l. Is f(-5) composite?
False
Let o(y) = -y**3 - 10*y**2 + 2*y + 13. Let l be o(-10). Let u(n) = -4*n**3 - 10*n**2 - 4*n + 31. Is u(l) composite?
False
Let z(c) = 7*c + 32. Let w(n) = 4*n + 16. Let b(i) = -5*w(i) + 3*z(i). Let j be b(-11). Is 2/(-15)*-7647 - 3/j a composite number?
False
Let p be ((-5)/2 + 4)*2. Suppose p*h = -0*l + l + 44, 4*h - 5*l = 77. Suppose 0 = 12*o - h*o + 178. Is o a composite number?
True
Is (99 + -98)*(-204062)/(-2) a composite number?
False
Let x = 5 - -4. Let w be (-3)/(-9)*x - -2*1901. Is 2/(-3) - w/(-15) prime?
False
Suppose -18 - 16 = -2*f. Let d(x) = -x**3 + 17*x**2 + x - 14. Let k be d(f). Suppose 0 = -3*t, -k*a + 0*a + 237 = -2*t. Is a a composite number?
False
Suppose 0 = 114*g - 119*g + 1630. Suppose 1162 + g = -o - 4*q, -q = 4*o + 5997. Let w = -149 - o. Is w composite?
True
Suppose -271662 = -43*o + 1081505. Is o a prime number?
True
Let q = 76 - 55. Let i be 15/q + 10/35. Let j(y) = 2606*y**2 + 4*y + 1. Is j(i) composite?
True
Let d be (-15)/20*-2*14. Suppose -d*h + 18*h + 8872 = p, -14785 = -5*h - 2*p. Is h composite?
True
Let a(j) = 843*j**2 - 3*j - 11. Let r(k) = -3*k - 21. Let g be r(-5). Let l be a(g). Suppose -l = -13*q - 0*q. Is q a prime number?
False
Let z(v) = 4*v**2 - 7*v. Let i be z(2). Suppose -15*c = -14*c - i. Suppose -4*r = -r + c*s - 3835, -2561 = -2*r + 3*s. Is r a prime number?
True
Suppose 9*b - 14*b + 5*j = -114260, 0 = 4*b - 8*j - 91404. Is b a prime number?
True
Suppose -u - 300978 + 1042195 = -599242. Is u a composite number?
False
Let l = -95 + 95. Suppose -80 = 3*u - 8*u + 5*t, l = 5*u + 5*t - 130. Suppose -u*o - 4390 = -31*o. Is o composite?
False
Let p = 166 + -130. Suppose -p*g = -34*g - 11510. Is g a composite number?
True
Let t = -254 - -266. Suppose -13729 = -4*w - f, -2*f + 6860 = -t*w + 14*w. Is w composite?
False
Let l(j) = 50*j**2 + j + 13. Let u(t) = 25*t**2 + t + 6. Let f(d) = -3*l(d) + 7*u(d). Let z be f(-1). Let g(h) = -h**3 + 23*h**2 + 27*h + 13. Is g(z) prime?
False
Is (80335000/(-150) + 2)*6/(-4) a composite number?
False
Suppose -5*y + y = -2712. Let n be -3 - (-1155)/25 - (-2)/(-10). Suppose -n*i - y = -49*i. Is i a composite number?
False
Suppose v = -5*v + 2*v. Suppose 6*y - 1133 - 613 = v. Let k = y + -133. Is k composite?
True
Suppose -1593961 = -195*y + 182*y + 924360. Is y composite?
True
Let n(w) = 63*w + 68171. Suppose 20*x + 4*x + 6*x = 0. Is n(x) a prime number?
True
Suppose 5 = 4*o - k, -4*o + 2*k + 2 = -0. Is 441 + o/(-11) + 46/11 a composite number?
True
Let x = -220552 + 429573. Is x prime?
True
Let c(l) = -26*l. Let k be c(-2). Suppose 5*m + 50 = 2*f, -10*f + 14*f + 3*m = 152. Let u = f + k. Is u composite?
True
Let l be 2*-1*(19 + -21). Suppose -14231 = -l*z - 15*z. Is z prime?
False
Let o(z) = 23*z**3 + 2*z**2 - 5*z + 5. Let l be o(1). Is l*515 - (-66 + 60) a composite number?
True
Suppose 4*m - 72011 - 36829 = 0. Suppose 21*f + m = 205857. Is f a composite number?
True
Suppose 0 = -3*q + s + 675063, 5*q + 97*s - 1125127 = 95*s. Is q a prime number?
True
Suppose 43*m = 33*m + 40. Is 150/(-35) + m + (-28933)/(-7) a composite number?
False
Suppose 3*m - 4*f - 512 = -m, 0 = m + 5*f - 152. Let l(p) = 115*p + 42 + m*p - 101 - 33*p. Is l(15) a composite number?
True
Suppose -465514326 = -73*c - 164*c - 105*c. Is c a prime number?
True
Let l be (1783/7 + 34/119)*1. Is (4 + -5)/((-3)/l) prime?
False
Let j(g) = 10393*g - 3141. Is j(4) prime?
True
Suppose 0 = 33*l - 481823 - 204676. Is l a prime number?
False
Let y(d) = d + 13 + 46*d + 76*d. Let t be y(2). Suppose t = -3*o + 2602. Is o composite?
True
Let b be (-9)/12 + 75/20. Suppose -4 = -b*p + 5. Is (-45)/(-6)*((-697)/(-3) + p) composite?
True
Suppose 0 = -5*g + 38180 + 49350. Is g a prime number?
False
Let g be 15*-2*3/(-6). Suppose g*p - 18*p = 5*a - 27, 2*p = -4*a + 22. Is -6*(-2 + (-827)/a) prime?
True
Is (-7 + 21564 - 7) + 7 - 6 a prime number?
False
Is (12 + -31 - 31732)/((0 - 0) + -1) composite?
False
Let u(b) = 3460*b**2 - 35*b + 272. Is u(7) composite?
False
Let d(g) = -29*g + 159. Let t be d(-40). Suppose r - t = 1290. Is r composite?
False
Suppose 3*h = 4*c + 362229, -74456 = 2*h + 2*c - 315970. Is h composite?
True
Suppose 179*k - 175*k - 3*i = 69871, -k + 2*i + 17469 = 0. Is k a composite number?
False
Suppose 3*l - 7 = 6*w - 5*w, 3*l + 13 = 5*w. Suppose -w*x = -10, 3*d + 5*x - 61654 = -7623. Is d prime?
False
Suppose 58*d = 492067 + 29681734 + 2849601. Is d a prime number?
True
Suppose 304*c + 7902 = 310*c. Let m be (3 + (1 - 3))*10. Suppose c = 5*q + 4*p, 4*p + p + m = 0. Is q composite?
True
Suppose -5*v + 3*b = -1059401, 0 = -17*v + 12*v + b + 1059397. Is v a prime number?
True
Let v(u) = 2*u**2 + 59*u + 57. Let p be v(-29). Suppose 0 = p*c - 81629 - 358923. Is c prime?
False
Is 304232/(-11 - -13)*-6*(-4)/96 a prime number?
False
Let r(n) = 2*n**3 + 62*n**2 - 3*n**3 - 3*n - 31*n**2 - 1 - 29*n**2. Let t be r(2). Is (-7487)/t + 12/(-21) a composite number?
False
Let j be (-14)/(-13 + 6) + (2 - 0). Suppose 0 = -2*r - j*r - 24. Is (r - 1692/20)*-5 a composite number?
False
Let d(f) = 44*f**2 - 164*f + 299. Is d(-62) composite?
False
Let b(s) = 2622*s**2 - 203*s - 2423. Is b(-14) prime?
False
Let m(q) = q**3 + 5*q**2 + 3*q - 2. Let a be m(-4). Suppose -3053 = -a*k + v, 4*v + 3124 = 3*k - 1453. Is (-22)/(-88) + k/4 a prime number?
False
Let j = 38800 + -20021. Is j a prime number?
False
Let b(g) = 8*g**2 + 9*g + 3. Let y(h) = -12*h - 40. Let r be y(-4). Is b(r) prime?
True
Let x(u) be the second derivative of -23*u + 0 - 17/2*u**3 - 4*u**2. Is x(-5) a prime number?
False
Suppose -4*q + 3*f + 1113 + 342 = 0, -4*q - 4*f + 1448 = 0. Let r = q + -229. Is r prime?
False
Let u(f) = 3*f**2 - 4*f + 1. Let c be u(2). Let h be (8 - c) + 1 + -3. Is 209 - ((4 - h) + 1) a composite number?
True
Suppose 21 + 0 = 3*p. Suppose p*a + 27942 = a. Let l = 780 - a. Is l prime?
True
Let v = -101413 - -153902. Is v composite?
False
Let z be 7 + (9 - 8) + -3. Suppose u = -5*d + 27250, 9190 + 18050 = z*d - u. Is d prime?
True
Is (462822/15)/(54/135) prime?
True
Let y be (-60)/(-68) + -1 + (-622049)/(-17). Suppose -11*r = -8*r - y. Is r a prime number?
True
Suppose 0 = -7*l + 138 + 58. Suppose 10*c - l*c + 19566 = 0. Is c a prime number?
True
Let l = 116 - 53. Suppose -5*s = -132 - l. Suppose y - 118 = s. Is y a composite number?
False
Let q(l) = -507*l + 9. Let k(x) = 1015*x - 19. Let w(f) = 4*k(f) + 9*q(f). Let s be w(-8). Suppose -5*c = -2*c - s. Is c a composite number?
True
Suppose -2*f - 5 = 5. Let h(y) = -12*y**3 - 5*y**2 + 12*y + 5. Let a be h(f). Suppose 0*w = -2*w + 2*b + 544, -5*w + a = 3*b. Is w composite?
True
Suppose -23*s + 97 = 5. Suppose 0 = s*m - 20, -41878 = -3*f + 11*m - 16*m. Is f prime?
False
Let o(c) = 207*c**2 + 91*c - 957. Is o(-46) prime?
True
Suppose 12*x - 1296 = 16*x. Let b = x - -1231. Is b prime?
True
Let r = -25696 + 321557. Is r a composite number?
False
Suppose -3*u + y = -6299, -2*u + 1140 = -y - 3060. Suppose 6*i - 2119 = u. Is i a composite number?
True
Suppose -5*k - 1 - 1 = -3*g, -3*k - 4*g = 7. Let l = k - -8. Suppose l*j = 3*j + 1156. Is j composite?
True
Let u be -6 - 5/((-20)/8). Let j be 1 + -4 + 0/(-6 - u). Is 2/(-1) + (262 - j) a prime number?
True
Suppose 3*z + 2*z - 125 = 0. Let a = 28 - z. Suppose 0 = -a*g + 5*n + 1245, -3*n + 210 + 1450 = 4*g. Is g prime?
False
Let w = 12 - 8. Suppose -181633 = -34*u - 10137. Suppose -3765 = -3*a - 3*c, w*a + 0*a - 2*c - u = 0. Is a a composite number?
False
Suppose -3*q = -4*p + 13267, 3*p + q = 9797 + 137. Is p composite?
False
Let r(l) = 26*l**2 + 37*l + 466. Is r(17) prime?
True
Suppose 2*f - 10 = -5*i - 27, 3*i + 9 = 0. Let r be (f*1 + 2)*(12 - 13). Is (-1 + 2100)*(-1 - 0)*r a prime number?
True
Suppose -7*q = -117619 - 879552. Is q prime?
True
Let n(z) = -3354*z - 10. Let k be n(4). Let c be (-18)/(-45) - k/10. Suppose -c = -3*d + 4. Is d composite?
False
Let n be (-5 - -8)/(6/(-14)). 